 + i, 2*k - 23 = -i. List the prime factors of k.
2, 5
Suppose 4*b = -3*m - 39 + 754, 5*b + 3*m - 890 = 0. List the prime factors of b.
5, 7
What are the prime factors of 73/2 - (2 + 18/(-12))?
2, 3
Suppose -l + 214 - 20 = 0. List the prime factors of l.
2, 97
Let u = 3 + -4. Let n be 3 + u + -3 + 1. Suppose n = -2*t + 13 + 23. What are the prime factors of t?
2, 3
Suppose 3*s + 276 = 4*k - s, k - 65 = 3*s. What are the prime factors of k?
71
Suppose 0 = 2*s - 0*s - 4*r - 1000, 3*s = -3*r + 1545. Let y be (2/3)/((-10)/s). What are the prime factors of 4*(y/4)/(-1)?
2, 17
Suppose 2218 + 1951 = 4*f + 5*z, 5*f + 5*z - 5205 = 0. List the prime factors of f.
2, 7, 37
Let p = 174 - -4343. What are the prime factors of p?
4517
Let m be (0 + 0)/(6/3). Let r = 8 - m. What are the prime factors of ((-81)/(-12))/(2/r)?
3
Suppose 3*n + 419 = c + 1520, 5*c = 5*n - 1845. List the prime factors of n.
2, 3, 61
Let s be (-63)/(-13) + (-6)/(-39). Suppose 2*z - 142 = -0*z - s*l, 0 = l. Let k = z + -46. What are the prime factors of k?
5
Let x(g) = -g**2 + 15*g + 4. Let a be x(8). Let q = -36 + a. What are the prime factors of q?
2, 3
Let p(t) = -3*t**3 + 15*t**2 - 15*t - 15. Let c(y) = y**3 - 7*y**2 + 8*y + 8. Let h(d) = 5*c(d) + 2*p(d). List the prime factors of h(-7).
2, 19
Suppose -i = 4*s - 3321 - 4644, 0 = -5*s + 3*i + 9969. What are the prime factors of s?
2, 3, 83
Suppose -280 = 4*i - 9*i. Let f = i + -100. Let z = f + 94. List the prime factors of z.
2, 5
Let w = -125 - -127. Suppose -5*r + 3*c + 273 = -384, -w*r + 266 = 2*c. List the prime factors of r.
2, 3, 11
Let l(z) = 3*z - 12. Let y be l(5). Suppose y*n + 7 = -26. Let v = n + 19. List the prime factors of v.
2
Suppose 0 = -4*o + 60 - 4. Let q = -6 + o. What are the prime factors of (-132)/q*(-2)/1?
3, 11
Let v(r) = 57*r**2 - 8*r + 7. List the prime factors of v(3).
2, 31
Let h(f) = -f**3 + 8*f**2 - 4*f + 4. Let d be h(7). Let s be (-1536)/(-108) - (-4)/(-18). Let u = d - s. What are the prime factors of u?
11
Suppose -2*t - 244 - 1702 = -4*p, 4*p + 4*t - 1976 = 0. What are the prime factors of p?
3, 163
Suppose 4*u - 2500 = 4928. List the prime factors of u.
3, 619
Let t = -39 - 170. Let g = -81 - t. What are the prime factors of g?
2
Let y = 80 - 2. Suppose -2*b = 18 - y. List the prime factors of b.
2, 3, 5
List the prime factors of ((-6)/1 - -10) + 1 + 2440.
3, 5, 163
Let y = 29 + -27. Suppose 63 = 3*l - y*l. What are the prime factors of l?
3, 7
Suppose -29 = -5*c + 1. Let i(k) = 4 - k**3 - 7*k - k + 5*k + 7*k**2. List the prime factors of i(c).
2, 11
Suppose 4*z - 7 + 43 = 0. Let i = -27 - z. Let p = i + 59. What are the prime factors of p?
41
Let o = 106 - 104. Suppose 0 = o*u + 4*j - 302, 3*j - 192 = -3*u + 252. What are the prime factors of u?
5, 29
Let x = -142 + 141. What are the prime factors of (-278)/((7 + x)*3/(-9))?
139
Suppose 3*c = 2*m + 3 + 12, -c = -m - 6. Let g be 6 + -2 - (-9)/c. What are the prime factors of (-7)/g*24/(-2)?
2, 3
Let c(y) = y**2 - 5*y - 22. Let s be c(-10). Suppose 0 = 4*f - 204 - s. What are the prime factors of f?
83
Suppose -5*g + 78 + 22 = 0. Suppose -20 = -4*z - 2*v, v - 5*v - g = -2*z. What are the prime factors of 122/14 - z/(-21)?
3
Let f be (21/9)/((-6)/(-18)). Let t(n) = -n**3 + 6*n**2 + 6*n + 7. Let q be t(f). Suppose q = -2*h - 0*h + 18. What are the prime factors of h?
3
Let x be (-4 + 8 - 7) + 15. Suppose 3*g + 3*g = x. Suppose g*o - 10*o + 112 = 0. List the prime factors of o.
2, 7
What are the prime factors of 0 + -10 - (-13 + -2868)?
3, 11, 29
Let u(w) = w**3 + 7*w**2 - 10*w - 7. Let o be u(-8). Suppose -2*t = r - o, 0*t - 9 = -3*r + 3*t. Let k = r - -7. List the prime factors of k.
2, 3
Suppose 4147 = 9*a + 214. What are the prime factors of a?
19, 23
Let k(t) = -t**3 + 18*t**2 + 21*t - 28. Let g be k(19). Suppose 0*a + g = o - a, o = 3*a + 4. List the prime factors of o.
13
Suppose -5*r = j - 0*j - 17, -3*j - 5*r = -11. Let o be 10 + j/(12/8). Suppose -2*s + o + 6 = 0. List the prime factors of s.
7
Let s be 2 + 0 + (-2 - -2). Let y = 50 + -50. Suppose -3*j + 4*h - h + 18 = y, 0 = -j - s*h + 21. List the prime factors of j.
11
Suppose 10432 = 11*z + 2017. Suppose -17*r = -22*r + z. What are the prime factors of r?
3, 17
Let u be 2/(-4) + 7/2. Suppose u*p - 13 = 5. Let c = 27 - p. What are the prime factors of c?
3, 7
Let y = 3484 - -275. List the prime factors of y.
3, 7, 179
Let c = 1465 + -799. List the prime factors of c.
2, 3, 37
Let a be 1/(-3) - (3040/(-12))/(-2). Let h = 159 - a. List the prime factors of h.
2, 11, 13
Let r = 32 + 20. What are the prime factors of r*1/2*2?
2, 13
Let r(v) = 195*v**3 - 2*v**2 + 5*v + 31. List the prime factors of r(3).
67, 79
Suppose 2*c = -35 + 29. Let j(x) = -14*x + 10. What are the prime factors of j(c)?
2, 13
Let z be -1*(0 + 2 + -2). Suppose z = c + 6*c - 287. What are the prime factors of c?
41
Suppose -888 = -4*v - 4*h, 0 = -5*v - 9*h + 6*h + 1114. Let x = 332 - v. List the prime factors of x.
2, 3
Let l = 13 + -13. Suppose -3*t = 3*g - 2*t - 3, l = 5*g - 2*t - 5. List the prime factors of g/(((-6)/(-14))/3).
7
Let c(r) be the second derivative of -r**5/2 - r**4/6 - r**3/6 + r**2/2 - 11*r. What are the prime factors of c(-2)?
3, 5
Let c be (-2)/4*(-144)/(-8). Let z = c + 48. What are the prime factors of z?
3, 13
Suppose 5*n - 16 = -f, -5*n + 5*f = -n - 7. Let d be (2/n)/(6/27). Suppose -2*u + 49 = 3*k + 3*u, -d = 3*u. What are the prime factors of k?
2, 3
Suppose -x - 27 = -5*f + x, f - 3*x - 8 = 0. Suppose w + 6*b - f = b, -w + 3*b - 19 = 0. Let r = w + 28. What are the prime factors of r?
2, 3
Let l(r) = -r**2 - 21*r + 24. Let x be l(-21). Suppose -q + x = 5*k, q - 4*k + 28 = 2*q. What are the prime factors of q?
2, 11
Suppose -5*n - 5*y + 6709 + 7686 = 0, 0 = -y - 2. What are the prime factors of n?
43, 67
Let g = -48 - -127. Suppose -11 = -a + g. List the prime factors of a.
2, 3, 5
Let g(d) = -d**3 + 7*d**2 + d - 5. Let s be 14/(-4 + 10 - 4). Let f be g(s). Suppose f*i + 1 + 9 = 0, -2*i + 42 = 4*k. What are the prime factors of k?
13
Let p(j) = 9*j**2 - 29*j + 159. What are the prime factors of p(11)?
929
Suppose 2*k - 1920 = 2*q, -2*k + 2441 = 5*q + 493. List the prime factors of k.
2, 241
Let k(h) = -h**3 - 5*h**2 - 5*h - 2. Let i be k(-4). Let f be (i - (-3 - -2)) + -8. What are the prime factors of (-23)/(-5) - (-3)/f?
2
Suppose q + 2*q = 0. Let i be (q + -1)*(-75)/3. What are the prime factors of i/(-2)*(-2 - 0)?
5
Let q(p) = -6*p**3 - p**2 + 2*p - 2. Suppose 2*d + 35 - 9 = 0. Let m = d + 11. List the prime factors of q(m).
2, 19
Suppose 4*d + d - 267 = -3*i, 0 = -2*d + 2*i + 94. List the prime factors of d.
3, 17
Let j(b) = -b**3 + 6*b**2 + 26*b - 108. List the prime factors of j(5).
47
Let y be 2/(-2) - (1 - -10). Let z(s) = -6*s**2 - 7*s + 5. Let m be z(-5). What are the prime factors of (-8)/y + m/(-6)?
19
Suppose 7136 - 1152 = 34*q. List the prime factors of q.
2, 11
Let m = 2135 - 1443. What are the prime factors of m?
2, 173
Let w(k) = 81*k + 169. List the prime factors of w(7).
2, 23
Let k(c) = 131*c + 35. What are the prime factors of k(5)?
2, 3, 5, 23
Suppose -2*n + 43 = 5*y + 2*n, -2*n - 6 = 0. Let k = y - 9. List the prime factors of (-394)/(-11) - k/(-11).
2, 3
Let b(q) = 2*q**2 + 19*q - 251. What are the prime factors of b(-38)?
5, 383
Let r = 391 + -183. Suppose 74 + r = c. What are the prime factors of c?
2, 3, 47
What are the prime factors of (-8 - (-3 + -1)) + 463?
3, 17
Let o be 5 + (-44)/8 - 233/2. Let v = o - -259. List the prime factors of v.
2, 71
Suppose 6*o = 92 + 34. Suppose 15*f - o*f = -258. List the prime factors of f.
43
Let b = -3 + 6. Suppose -l - 4*o = 8, -l = -8*o + b*o - 10. Suppose 0 = 2*g - l*g - 52. List the prime factors of g.
2, 13
Let q = -4 - -8. Suppose q*i = 47 + 49. Let d = 15 + i. List the prime factors of d.
3, 13
Suppose -4*o - 15 = l, 3*o - 2*o = -3. List the prime factors of (-3)/1*44/(6/l).
2, 3, 11
Let z(l) = l**2 - 11 + 0 + 7*l + 2. Let y be z(-7). List the prime factors of y/(-15) + 72/5.
3, 5
Let u(k) = 10 - 2*k**3 - 13*k + 7*k + 11*k - 2*k**2. List the prime factors of u(-3).
31
Let w = 33 + -33. Suppose w = 8*m - 937 - 159. What are the prime factors of m?
137
Let n(w) = 9*w**3 - 7*w**2 + 15*w + 9. List the prime factors of 